e remainder when 179 is divided by 20.
19
What is the remainder when 50 is divided by 17?
16
What is the remainder when 34313 is divided by 129?
128
What is the remainder when 766 is divided by 96?
94
Calculate the remainder when 80 is divided by 23.
11
Calculate the remainder when 978 is divided by 28.
26
What is the remainder when 453 is divided by 38?
35
What is the remainder when 71 is divided by 47?
24
Calculate the remainder when 18979 is divided by 20.
19
What is the remainder when 54 is divided by 32?
22
What is the remainder when 48 is divided by 22?
4
Calculate the remainder when 837 is divided by 479.
358
What is the remainder when 109 is divided by 23?
17
Calculate the remainder when 112 is divided by 112.
0
Calculate the remainder when 94 is divided by 35.
24
Calculate the remainder when 1213 is divided by 38.
35
Calculate the remainder when 392 is divided by 356.
36
Calculate the remainder when 3027 is divided by 202.
199
What is the remainder when 101 is divided by 59?
42
What is the remainder when 223 is divided by 14?
13
Calculate the remainder when 3178 is divided by 106.
104
What is the remainder when 1034 is divided by 13?
7
Calculate the remainder when 2165 is divided by 1080.
5
Calculate the remainder when 1385 is divided by 227.
23
What is the remainder when 295 is divided by 270?
25
What is the remainder when 764 is divided by 35?
29
Calculate the remainder when 592 is divided by 13.
7
What is the remainder when 466 is divided by 97?
78
What is the remainder when 336 is divided by 158?
20
What is the remainder when 780 is divided by 17?
15
What is the remainder when 4000 is divided by 29?
27
Calculate the remainder when 190 is divided by 96.
94
Calculate the remainder when 115 is divided by 37.
4
What is the remainder when 1998 is divided by 69?
66
What is the remainder when 338 is divided by 114?
110
Calculate the remainder when 3400 is divided by 37.
33
What is the remainder when 6181 is divided by 27?
25
What is the remainder when 983 is divided by 142?
131
What is the remainder when 627 is divided by 105?
102
Calculate the remainder when 421 is divided by 198.
25
Calculate the remainder when 120 is divided by 53.
14
What is the remainder when 656 is divided by 12?
8
Calculate the remainder when 2635 is divided by 138.
13
Calculate the remainder when 404 is divided by 104.
92
Calculate the remainder when 261 is divided by 3.
0
What is the remainder when 470 is divided by 133?
71
What is the remainder when 26219 is divided by 30?
29
Calculate the remainder when 288 is divided by 3.
0
What is the remainder when 297 is divided by 152?
145
What is the remainder when 1271 is divided by 6?
5
Calculate the remainder when 19 is divided by 6.
1
What is the remainder when 167 is divided by 27?
5
Calculate the remainder when 13470 is divided by 245.
240
Calculate the remainder when 1263 is divided by 16.
15
Calculate the remainder when 271 is divided by 19.
5
What is the remainder when 64 is divided by 61?
3
What is the remainder when 124 is divided by 14?
12
What is the remainder when 3035 is divided by 46?
45
Calculate the remainder when 201 is divided by 43.
29
Calculate the remainder when 184 is divided by 121.
63
What is the remainder when 647 is divided by 54?
53
What is the remainder when 175 is divided by 20?
15
What is the remainder when 8968 is divided by 10?
8
Calculate the remainder when 1762 is divided by 68.
62
What is the remainder when 815 is divided by 19?
17
Calculate the remainder when 1995 is divided by 69.
63
Calculate the remainder when 667 is divided by 214.
25
What is the remainder when 1494 is divided by 4?
2
Calculate the remainder when 198 is divided by 160.
38
Calculate the remainder when 46 is divided by 11.
2
What is the remainder when 371 is divided by 104?
59
What is the remainder when 901 is divided by 156?
121
What is the remainder when 189 is divided by 56?
21
What is the remainder when 212 is divided by 74?
64
What is the remainder when 303 is divided by 102?
99
What is the remainder when 974 is divided by 465?
44
Calculate the remainder when 134 is divided by 32.
6
Calculate the remainder when 494 is divided by 157.
23
What is the remainder when 1502 is divided by 1483?
19
What is the remainder when 153 is divided by 79?
74
What is the remainder when 2444 is divided by 242?
24
What is the remainder when 554 is divided by 8?
2
Calculate the remainder when 15658 is divided by 87.
85
What is the remainder when 19 is divided by 9?
1
What is the remainder when 451 is divided by 62?
17
Calculate the remainder when 44 is divided by 38.
6
Calculate the remainder when 62 is divided by 36.
26
Calculate the remainder when 45658 is divided by 20.
18
Calculate the remainder when 128 is divided by 13.
11
Calculate the remainder when 99 is divided by 23.
7
Calculate the remainder when 138 is divided by 12.
6
What is the remainder when 1605 is divided by 134?
131
Calculate the remainder when 57 is divided by 48.
9
Calculate the remainder when 561 is divided by 187.
0
What is the remainder when 362 is divided by 181?
0
What is the remainder when 13777 is divided by 13?
10
What is the remainder when 6215 is divided by 24?
23
What is the remainder when 6187 is divided by 238?
237
Calculate the remainder when 372 is divided by 145.
82
What is the remainder when 369 is divided by 197?
172
Calculate the remainder when 697 is divided by 45.
22
What is the remainder when 3183 is divided by 71?
59
Calculate the remainder when 270 is divided by 39.
36
What is the remainder when 216 is divided by 44?
40
What is the remainder when 84 is divided by 43?
41
Calculate the remainder when 69 is divided by 31.
7
Calculate the remainder when 309 is divided by 8.
5
What is the remainder when 352 is divided by 55?
22
What is the remainder when 187 is divided by 21?
19
What is the remainder when 171 is divided by 63?
45
Calculate the remainder when 309 is divided by 127.
55
Calculate the remainder when 724 is divided by 252.
220
What is the remainder when 45 is divided by 16?
13
Calculate the remainder when 133 is divided by 60.
13
What is the remainder when 183 is divided by 62?
59
Calculate the remainder when 396 is divided by 126.
18
What is the remainder when 357 is divided by 74?
61
What is the remainder when 339 is divided by 5?
4
Calculate the remainder when 624 is divided by 19.
16
What is the remainder when 84 is divided by 54?
30
Calculate the remainder when 167 is divided by 24.
23
What is the remainder when 3399 is divided by 22?
11
What is the remainder when 919 is divided by 4?
3
What is the remainder when 1967 is divided by 179?
177
Calculate the remainder when 674 is divided by 336.
2
Calculate the remainder when 129 is divided by 62.
5
Calculate the remainder when 583 is divided by 463.
120
Calculate the remainder when 2568 is divided by 99.
93
What is the remainder when 56 is divided by 43?
13
Calculate the remainder when 191 is divided by 64.
63
Calculate the remainder when 501 is divided by 28.
25
What is the remainder when 581 is divided by 97?
96
Calculate the remainder when 67 is divided by 20.
7
What is the remainder when 302 is divided by 8?
6
Calculate the remainder when 152 is divided by 78.
74
What is the remainder when 74 is divided by 14?
4
What is the remainder when 489 is divided by 303?
186
What is the remainder when 321 is divided by 23?
22
Calculate the remainder when 13 is divided by 2.
1
What is the remainder when 71 is divided by 11?
5
Calculate the remainder when 944 is divided by 212.
96
What is the remainder when 3171 is divided by 26?
25
Calculate the remainder when 40 is divided by 26.
14
Calculate the remainder when 458 is divided by 18.
8
What is the remainder when 131 is divided by 12?
11
Calculate the remainder when 567 is divided by 142.
141
What is the remainder when 189 is divided by 55?
24
Calculate the remainder when 253 is divided by 68.
49
What is the remainder when 181 is divided by 38?
29
Calculate the remainder when 321 is divided by 41.
34
Calculate the remainder when 290 is divided by 61.
46
What is the remainder when 320 is divided by 94?
38
Calculate the remainder when 2537 is divided by 6.
5
What is the remainder when 58 is divided by 29?
0
Calculate the remainder